1?
6
What is the units digit of 2241635?
5
What is the hundred thousands digit of 344967?
3
What is the hundred thousands digit of 1472643?
4
What is the hundred thousands digit of 5725731?
7
What is the thousands digit of 2273041?
3
What is the tens digit of 195276?
7
What is the hundreds digit of 24541?
5
What is the tens digit of 2366258?
5
What is the hundred thousands digit of 176667?
1
What is the hundred thousands digit of 927946?
9
What is the tens digit of 2628625?
2
What is the hundreds digit of 279118?
1
What is the units digit of 490561?
1
What is the thousands digit of 6853279?
3
What is the ten thousands digit of 253325?
5
What is the tens digit of 658649?
4
What is the tens digit of 15364395?
9
What is the units digit of 266991?
1
What is the hundred thousands digit of 6567333?
5
What is the units digit of 66198?
8
What is the thousands digit of 474191?
4
What is the hundreds digit of 681666?
6
What is the tens digit of 1552678?
7
What is the ten thousands digit of 162804?
6
What is the tens digit of 165356?
5
What is the units digit of 611465?
5
What is the millions digit of 10539985?
0
What is the hundreds digit of 1106514?
5
What is the hundreds digit of 8061068?
0
What is the hundreds digit of 251411?
4
What is the hundred thousands digit of 210590?
2
What is the tens digit of 2984407?
0
What is the units digit of 1164682?
2
What is the hundreds digit of 660017?
0
What is the ten thousands digit of 190027?
9
What is the tens digit of 8493271?
7
What is the hundred thousands digit of 507079?
5
What is the thousands digit of 1477081?
7
What is the tens digit of 240306?
0
What is the hundreds digit of 82317?
3
What is the tens digit of 745205?
0
What is the millions digit of 12781794?
2
What is the millions digit of 1801850?
1
What is the hundred thousands digit of 145810?
1
What is the units digit of 5840487?
7
What is the hundred thousands digit of 1156745?
1
What is the hundreds digit of 257393?
3
What is the tens digit of 250037?
3
What is the millions digit of 13649484?
3
What is the units digit of 2051185?
5
What is the tens digit of 2088487?
8
What is the thousands digit of 41617?
1
What is the units digit of 8088271?
1
What is the units digit of 1517997?
7
What is the units digit of 356432?
2
What is the hundred thousands digit of 1448333?
4
What is the millions digit of 1126585?
1
What is the ten thousands digit of 75407?
7
What is the hundreds digit of 6310?
3
What is the tens digit of 4965778?
7
What is the thousands digit of 513009?
3
What is the hundred thousands digit of 23652772?
6
What is the hundred thousands digit of 2263789?
2
What is the hundreds digit of 9251248?
2
What is the thousands digit of 6474869?
4
What is the ten millions digit of 19125480?
1
What is the thousands digit of 10704720?
4
What is the hundreds digit of 850455?
4
What is the thousands digit of 1260324?
0
What is the thousands digit of 12809707?
9
What is the hundred thousands digit of 396430?
3
What is the hundred thousands digit of 393338?
3
What is the thousands digit of 516466?
6
What is the millions digit of 1672015?
1
What is the thousands digit of 5878408?
8
What is the hundred thousands digit of 910832?
9
What is the units digit of 214672?
2
What is the tens digit of 9087589?
8
What is the hundreds digit of 11280463?
4
What is the ten thousands digit of 215948?
1
What is the tens digit of 534918?
1
What is the hundreds digit of 1236294?
2
What is the units digit of 336791?
1
What is the hundred thousands digit of 1812749?
8
What is the millions digit of 33919927?
3
What is the millions digit of 4262934?
4
What is the ten millions digit of 13565600?
1
What is the thousands digit of 789152?
9
What is the hundreds digit of 334570?
5
What is the hundreds digit of 73265?
2
What is the thousands digit of 40094?
0
What is the hundred thousands digit of 5300869?
3
What is the hundreds digit of 9565078?
0
What is the ten thousands digit of 268246?
6
What is the thousands digit of 368312?
8
What is the thousands digit of 20221906?
1
What is the tens digit of 1063942?
4
What is the units digit of 14125228?
8
What is the units digit of 223079?
9
What is the units digit of 1761218?
8
What is the thousands digit of 2102340?
2
What is the units digit of 221169?
9
What is the thousands digit of 1328826?
8
What is the tens digit of 8060816?
1
What is the tens digit of 2223892?
9
What is the units digit of 104363?
3
What is the units digit of 178982?
2
What is the millions digit of 6378525?
6
What is the ten thousands digit of 3825782?
2
What is the units digit of 722418?
8
What is the tens digit of 9650281?
8
What is the tens digit of 90839?
3
What is the ten thousands digit of 657830?
5
What is the units digit of 749219?
9
What is the thousands digit of 152256?
2
What is the hundreds digit of 15782945?
9
What is the millions digit of 3458681?
3
What is the hundreds digit of 7706802?
8
What is the units digit of 9747942?
2
What is the thousands digit of 193941?
3
What is the ten thousands digit of 260293?
6
What is the thousands digit of 3413505?
3
What is the tens digit of 2594353?
5
What is the thousands digit of 11891976?
1
What is the tens digit of 6651518?
1
What is the ten thousands digit of 108615?
0
What is the millions digit of 5910257?
5
What is the ten millions digit of 36089123?
3
What is the ten thousands digit of 4811965?
1
What is the thousands digit of 237131?
7
What is the ten thousands digit of 1346176?
4
What is the tens digit of 232988?
8
What is the tens digit of 3600455?
5
What is the hundreds digit of 56949?
9
What is the tens digit of 234197?
9
What is the tens digit of 51751?
5
What is the thousands digit of 218785?
8
What is the hundreds digit of 266144?
1
What is the ten thousands digit of 44168?
4
What is the tens digit of 75791?
9
What is the tens digit of 3239337?
3
What is the hundred thousands digit of 11775466?
7
What is the thousands digit of 476128?
6
What is the ten thousands digit of 734953?
3
What is the units digit of 90278?
8
What is the ten millions digit of 17342587?
1
What is the thousands digit of 60947?
0
What is the hundred thousands digit of 4239261?
2
What is the units digit of 2815502?
2
What is the hundreds digit of 3304431?
4
What is the ten thousands digit of 481561?
8
What is the ten thousands digit of 2312712?
1
What is the thousands digit of 10000449?
0
What is the units digit of 2689248?
8
What is the hundred thousands digit of 19286842?
2
What is the units digit of 214840?
0
What is the hundred thousands digit of 867923?
8
What is the thousands digit of 17248058?
8
What is the thousands digit of 1056455?
6
What is the hundreds digit of 1097936?
9
What is the ten thousands digit of 933586?
3
What is the ten thousands digit of 794043?
9
What is the millions digit of 3468484?
3
What is the thousands digit of 16331203?
1
What is the tens digit of 10898582?
8
What is the tens digit of 1707383?
8
What is the tens digit of 1784128?
2
What is the ten thousands digit of 24602260?
0
What is the tens digit of 21283324?
2
What is the units digit of 240915?
5
What is the thousands digit of 16246125?
6
What is the hundred thousands digit of 1701314?
7
What is the thousands digit of 5661306?
1
What is the ten thousands digit of 4649096?
4
What is the ten millions digit of 28343291?
2
What is the ten thousands digit of 210006?
1
What is the hundreds digit of 18249998?
9
What is the hundreds digit of 478093?
0
What is the ten millions digit of 20273603?
2
What is the tens digit of 1137482?
8
What is the thousands digit of 1572750?
2
What is the hundreds digit of 604528?
5
What is the units digit of 2200607?
7
What is the units digit of 25628881?
1
What is the ten millions digit of 14581391?
1
What is the hundred thousands digit of 201957?
2
What is the units digit of 1400564?
4
What is the millions digit of 1763762?
1
What is the hundreds digit of 3291939?
9
What is the thousands digit of 745153?
5
What is the tens digit of 224545?
4
What is the thousands digit of 2005568?
5
What is the tens digit of 3826697?
9
What is the ten thousands digit of 2605449?
0
What is the hundred thousands digit of 32244113?
2
What is the tens digit of 912324?
2
What is the thousands digit of 1300091?
0
What is the tens dig